ed by f?
9
Let y(a) be the third derivative of -5*a**4/24 - a**3 + 2*a**2. Calculate the remainder when y(-5) is divided by 7.
5
Let g(c) = c**3 + 6*c**2 + c + 2. Let j be g(-5). Suppose -o + 1 + j = 0. Calculate the remainder when o is divided by 8.
7
Suppose 3*x - 33 = -12. Suppose -5*b - 5*h - 10 = 0, -4 = -0*b + b + 3*h. Calculate the remainder when (-2 - b) + (-60)/(-3) is divided by x.
5
Let h(u) = u**3 + u**2 - u - 2. Let l be h(0). Calculate the remainder when l/4 - (-177)/6 is divided by 15.
14
Let w(t) = t**3 + t**2 + t + 7. Suppose -a = -35 - 56. Suppose 4 = 5*r - a. What is the remainder when r is divided by w(0)?
5
Let y(c) = 3*c - 8. Let o = 6 + -3. Suppose -3*q + 24 = 3*x, -7 - 10 = -2*q - o*x. Calculate the remainder when y(7) is divided by q.
6
Let j(w) = -w**3 + 3*w**2 + w + 1. What is the remainder when j(3) is divided by 3?
1
Suppose 3*b + 15 = 45. Calculate the remainder when 49 is divided by b.
9
Let h(q) = -q**3 + 6*q**2 - q + 3. Let y be h(6). Let t = 1 + y. What is the remainder when 28 is divided by (-1 + (0 - t))*10?
8
Suppose 2*o = -549 + 147. Let f = 211 - o. What is the remainder when f/12 - (-4)/6 is divided by 18?
17
Let d = 1 + 11. What is the remainder when 21 is divided by d?
9
Let m = -120 - -135. Calculate the remainder when 103 is divided by m.
13
Suppose 48 = 2*a + a. Suppose -129 = -3*j + 4*i, 2*j - 5*i - a = 63. Let f = -24 + 40. Calculate the remainder when j is divided by f.
15
Calculate the remainder when 30 is divided by ((-72)/21)/(12/(-42)).
6
Let m = -5 - -10. Suppose 0 = -v + 10 + 3. What is the remainder when v is divided by m?
3
Suppose -30*t = -28*t - 88. Calculate the remainder when 85 is divided by t.
41
Let z = 8 + -1. Suppose 0 = 3*l + 5*m - 4, -3*l + 3*m + 5 = z*m. Calculate the remainder when 18 is divided by (15/(-6) + l)*20.
8
Suppose -4*n - 2*s = -368, 0 = 3*n - 0*s + s - 275. Calculate the remainder when n is divided by 23.
22
Let h = 61 - 49. Calculate the remainder when 34 is divided by h.
10
Let o be (15/(-2))/(1/2). Let w = -9 - o. What is the remainder when w is divided by 1/3 - (-11)/3?
2
Let c = 83 - 72. Let q be (0 - -1 - 0) + -1. Suppose -3*x + 18 = 5*a, q = -x - 1 - 3. Calculate the remainder when c is divided by a.
5
Let z = -63 + 129. Suppose -2*y - z = -5*y. What is the remainder when y is divided by 8?
6
Let w = 381 + -200. Suppose -5*b = -w - 19. Calculate the remainder when b is divided by 21.
19
Let m(f) = f**3 + 3*f**2 - 5*f. Let d be m(-4). Let l(p) = -p**3 + 5*p**2 + p - 3. Calculate the remainder when 6/(-21) + 438/14 is divided by l(d).
14
What is the remainder when 4 is divided by 3 + (4/(-2))/1?
0
Let w(t) = -t**3 - 3*t**2 + 2*t + 1. Let d be w(2). Let v = -5 + 1. Let a = v - d. What is the remainder when 21 is divided by a?
10
Let y = -1 + 10. Calculate the remainder when 44 is divided by y.
8
Suppose 3*i - 5*q = 30, -9 + 0 = -3*q. Suppose -2*o + 50 = -64. What is the remainder when o is divided by i?
12
Calculate the remainder when 72 is divided by (-30)/(-8)*(1 + 3).
12
Suppose 4*d = 3*l - l + 8, 0 = -4*l + 4*d. Let f(q) = 4*q**2 - 5*q + 10. Calculate the remainder when f(l) is divided by 11.
10
Let c(s) = -s**3 - 7*s**2 + s + 2. Let y(j) = -j**3 - 6*j**2 + 2. Let m(f) = 2*c(f) - 3*y(f). What is the remainder when 5 is divided by m(-2)?
1
Let d(a) = -4*a**2 - 1 + 4*a**2 - a + a**2 + 9*a. What is the remainder when 15 is divided by d(-9)?
7
Let q = 1 + 36. Suppose -3*l + 5*o + 83 = 0, -4*l + 3*l + 4*o + q = 0. What is the remainder when l is divided by 8?
5
Let f(w) = 7*w + 6 - 20 - 2*w. What is the remainder when f(11) is divided by (-21)/(2*(-2)/4)?
20
Let c = -45 - -87. Let k = c - 29. Suppose -3*u = 3*w - 5*u - 64, 5*u = 5*w - 100. Calculate the remainder when w is divided by k.
11
Let t be 26/10 + 2/5. Suppose 21 = -t*f + 57. Let o(j) = j**2 + 2*j - 2. What is the remainder when o(4) is divided by f?
10
Let g(b) = b**3 - b**2 - b + 15. Let p = 12 + -61. Let i be 14/p + (-4)/(-14). What is the remainder when 43 is divided by g(i)?
13
Suppose -141 = -3*l + 171. What is the remainder when l is divided by 21?
20
Suppose -4*p = 4*f - 60, 0 = 2*p - 4*p - 3*f + 26. What is the remainder when p is divided by 7?
5
Suppose -6 = -2*o - 0. Calculate the remainder when o is divided by 172/60 - (-14)/105.
0
Let p be 2/(5 + -5 + 1). Suppose 0 = -5*l + 2*h + 677, -125 = -l + 5*h - p*h. What is the remainder when l is divided by 35?
32
Let q = 30 + -11. What is the remainder when 131 is divided by q?
17
Let x(q) = 5*q - 9. What is the remainder when 82 is divided by x(6)?
19
Suppose 55 - 8 = d. What is the remainder when d is divided by 12?
11
Let l be 10/(-3)*(-24)/20. Calculate the remainder when 18 is divided by l/6 + 84/9.
8
Let a(v) = -4*v + 2. Let n(k) = 8*k - 3. Let t(x) = 5*a(x) + 3*n(x). Calculate the remainder when 34 is divided by t(2).
7
Let h be (-1 - -5)*11/(-4). Let f = 21 + h. Suppose 0 = -a + 2*w + 35, -2*a + 122 = 2*a - 2*w. What is the remainder when a is divided by f?
9
Suppose 0 = 5*i - 14 + 4. What is the remainder when 3 is divided by i?
1
Let x = -56 + 79. Calculate the remainder when 2*86/(-16)*(-32)/8 is divided by x.
20
Suppose 2 = -3*r + 5*r. Calculate the remainder when 1 + (-2 - (3 + -7)) is divided by r.
0
Let f(w) = 3*w + 15. Let o be f(13). Let a = o - 27. Calculate the remainder when 78 is divided by a.
24
Suppose 0*n = 3*n - 27. Suppose 26 = p - 5*d - 9, 3*d - 63 = -5*p. Calculate the remainder when p is divided by n.
6
Let i = 12 - 11. Calculate the remainder when 4 is divided by i.
0
Calculate the remainder when 16 is divided by ((-20)/(-25))/((-4)/(-30)).
4
Let d(c) = 2*c**3 + 15*c**2 + 3*c - 16. Suppose 2*u + 2*x = u + 32, 5*u = 2*x + 100. What is the remainder when u is divided by d(-7)?
10
Let i = -83 + 105. Calculate the remainder when i is divided by 22.
0
Suppose 2*b = -3*b + 4*j + 61, 2*j + 17 = b. Let n = b + -6. Suppose x = -2*c + n + 9, 3 = c - x. Calculate the remainder when c is divided by 2.
1
Suppose -2*h + x = -12, -2*h + 2*x + 19 = h. Calculate the remainder when h is divided by (2 + 6)*1/2.
1
Let f(t) = -5*t**3 + t**2. Let h(k) = -k. Let n be h(-1). Let o be f(n). Calculate the remainder when 2 - 0 - 5*o is divided by 12.
10
Let r(b) = 2*b**2 + b + 2. Let j be r(-1). Suppose -j*k - 5*t = -5*k + 26, 0 = 4*k + 3*t - 26. Calculate the remainder when 13 is divided by k.
5
Calculate the remainder when 23 is divided by (-15)/(-6)*(9 - 7).
3
Let i = -7 - -28. Suppose 3*l = 5*h - 48, 5*h - 23 = -8. Let k = l - -22. Calculate the remainder when i is divided by k.
10
Suppose 3*b = 4*m + 58, -3*b = -m - 11 - 44. Calculate the remainder when 53 is divided by b.
17
Suppose 4*d = -c - 10, 0 = -5*c - 5*d + d - 18. What is the remainder when 24 is divided by -2 - (-16 - 2/c)?
11
Let b(q) = q**3 + 2*q**2 - 2*q - 2. Suppose 0 = 4*m - m. Suppose -3 = -m*s - s. What is the remainder when b(s) is divided by 13?
11
Let i be (-6)/(((-4)/(-94))/1). Calculate the remainder when 47 is divided by i/(-6) + (-2)/(-4).
23
Suppose 102 = 9*g - 240. Calculate the remainder when 339 is divided by g.
35
Let l = -31 - -52. Calculate the remainder when 99 is divided by (-14)/l + 77/3.
24
Let c be -17 + 1 + (-1 - -2). Let o = 31 + c. Calculate the remainder when (-2 - -4 - -30) + -1 is divided by o.
15
Let s(l) = l**2 + 15*l + 8. Let g be s(-15). Let f(j) = 2*j**2 - 11*j + 6. Calculate the remainder when f(g) is divided by 12.
10
Let r(g) = g**3 - 4*g**2 - 6*g + 12. What is the remainder when 33 is divided by r(5)?
5
Let x = 2 - 2. Suppose -5*d = -5*p + 85, x = -4*p + d - 3*d + 50. Calculate the remainder when 39 is divided by p.
11
Let n = -68 + 132. Let x(r) = -r - 6. Let k be x(-18). Let c = 10 + k. What is the remainder when n is divided by c?
20
Let o = -7 + 46. Suppose 5*j - 124 + o = 0. What is the remainder when 50 is divided by j?
16
Let y(l) = -17*l**3 + l**2 + l - 3. What is the remainder when y(-2) is divided by 35?
30
Let n(r) = 12*r**2 + 1. What is the remainder when 49 is divided by n(-1)?
10
Let h be (-1)/(-1) - (-1 - -2). Suppose h*j - 24 = -2*j. Let p(x) = 2*x + 8. Calculate the remainder when p(7) is divided by j.
10
Let s = 34 - 1. What is the remainder when 94 is divided by s?
28
Suppose 3*h - 4*u = 96, 5*h + u = 2*u + 143. Wh